1 = 2*p - 69. What is the tens digit of p?
2
Suppose 5*k = 4*k + 46. Let y(i) = -6*i**2 - 2*i + 1. Let u be y(-2). Let a = k + u. What is the tens digit of a?
2
Let a(w) be the first derivative of w**4/4 - 11*w**3/3 + 6*w**2 + 11*w + 4. Let c be (-1)/2*(-21 + 1). What is the tens digit of a(c)?
3
Suppose 5*b + 1364 - 216 = r, r - 1130 = -b. What is the thousands digit of r?
1
Let n(o) = 3*o**2 + 14*o - 7. What is the units digit of n(6)?
5
Suppose 4*x - 16 = 4*d, 4*x + 5*d = x - 4. What is the units digit of (-10 + -8)*(-7)/x?
3
Let x = -569 - -2453. What is the thousands digit of x?
1
Let p be (96/88)/(4/44). Let j(c) = -25*c - 2. Let l be j(-3). Suppose -13*i + p*i = -l. What is the tens digit of i?
7
Let g(j) = j**3 - 16*j**2 - j + 15. Let k be g(16). Let r(i) be the third derivative of 3*i**5/10 + i**3/6 - i**2. What is the units digit of r(k)?
9
Suppose 8*w = 3*w - 0*w. Suppose 4*f - 5*k - 1262 = w, 1567 = 5*f - k - 0*k. What is the tens digit of f?
1
Let c(r) be the third derivative of r**6/360 - r**5/40 - 5*r**4/24 + r**2. Let v(d) be the second derivative of c(d). What is the units digit of v(2)?
1
Suppose 3*s = -0*s - 5*o - 25, -5*o = 5*s + 25. Suppose s*u - 962 = 2*u. What is the units digit of (u/26)/((-2)/4)?
7
Suppose 4*i = n + 21, 4*n = -3*i + 2*n + 24. Suppose i*o = -2*o + 224. What is the units digit of o?
8
Let v(p) = 3*p**2 - p - 2. Suppose -5*u - 4 = 16. Let d = -1 - u. What is the units digit of v(d)?
2
Suppose 19*w + w - 37600 = 0. What is the tens digit of w?
8
Let s(u) = 5*u**2 - 2*u - 22. What is the thousands digit of s(-15)?
1
Suppose -4898 + 19195 = 17*j. What is the units digit of j?
1
Let n be (-26)/(-13) + 26/2. Let p = -10 + n. Suppose -5*a + 4*o = -203, -p*a - 2*o = -256 + 35. What is the units digit of a?
3
Let k = -2735 - -5399. What is the units digit of k?
4
Suppose 3 = -2*p + 17. Let v = 8 + p. What is the units digit of (v/20)/(9/24)?
2
Let u(b) = 10*b**2 - 11*b + 12. Let m be u(6). Suppose 4*v - v = -f + 50, 5*f + v = m. What is the units digit of f?
2
Let y = -32 - -36. Let t(l) = l**3 + 5*l**2 + 2*l - 7. What is the tens digit of t(y)?
4
Let q = 10188 + -7106. What is the thousands digit of q?
3
Let k be -3*(2/3)/(-1). Suppose 56 = 5*v + 3*c, -3 = -k*v - 5*c + 27. What is the tens digit of v?
1
Let c(t) = -t**2 - 9*t + 14. Let u be 4/6*(-1 - 14). Let m be c(u). Suppose -1 = -j, m*w + 0*j = -2*j + 114. What is the units digit of w?
8
Let d = -41 + 14. Let f be (-9)/d*(0 + 0). Suppose f*i + 5*i - 65 = 0. What is the tens digit of i?
1
Suppose 0 = -4*l + 20 - 64. What is the units digit of (-1 - 34)/(l + 10)?
5
Let k(i) = i**3 - 9*i**2 + 7*i + 10. Let b be k(8). Suppose -254 = b*c - 0*c. Let z = 198 + c. What is the units digit of z?
1
Let x(y) = 2*y**2 - 6*y - 3. Let q be x(3). What is the hundreds digit of (-1 + (q - (-348)/8))*4?
1
Suppose 2*q = 3*m + 1, 3*q = -m - 2 - 2. Let y(t) = -t**3 - t**2 - t - 1. Let z be y(m). Let s = z + 1. What is the units digit of s?
1
Suppose 28 = r - 42. Suppose 5*g + 3*d - 175 = 0, 2*d + r = 2*g + 3*d. Suppose -h - w + 5*w + g = 0, -5*h + 280 = w. What is the units digit of h?
5
Let f = 12 + -9. Suppose 3*l - 27 = -f*p, p + 0*p = l - 1. Suppose -l = -x + 26. What is the tens digit of x?
3
Let b = 112 + -107. Suppose -j + b*x + 143 = 2*j, -2*x + 10 = 0. What is the units digit of j?
6
Suppose -u = -5*u + 8. Suppose q - 5*r + 15 = -5, -2*q + u*r - 8 = 0. What is the units digit of -2 + 0 + q - -5?
3
Let m be 36/10*-10*(-33)/(-6). Let i = 291 + m. What is the tens digit of i?
9
Suppose 7 = -7*q + 21. What is the units digit of ((-24)/(-16))/(q/44)?
3
Let j(x) = 8*x + 4 - 7*x - 3. Let p be j(9). Let i = p + 0. What is the units digit of i?
0
Suppose -3*f + 2 + 1 = 0. Let j be (-2 + f)*(1 - 0). Let y(m) = -8*m**3 - 2*m**2 - m. What is the units digit of y(j)?
7
Let x = 327 - 177. What is the hundreds digit of x?
1
Let m be (1 - (2 - 0))*-7. Suppose 1000 = 17*c - m*c. What is the hundreds digit of c?
1
Suppose 6*y - 4980 - 3582 = 0. What is the hundreds digit of y?
4
Suppose 103*c - 102*c = 1, 4*c - 7924 = -2*b. What is the thousands digit of b?
3
Let x(s) be the first derivative of -3*s**2/2 + s + 7. What is the units digit of x(0)?
1
Let t(d) = -3*d - 1. Let m be t(-1). Suppose m*z + z + 45 = 0. What is the units digit of (z/6)/(3/(-6))?
5
Suppose -3*a + 1756 + 5672 = 0. What is the hundreds digit of a?
4
Let d(a) = -a**3 - 6*a**2 - 4*a + 6. Let r be d(-5). What is the units digit of -1 + 2 + r + 274?
6
Let b(u) = 53*u**3 - 3*u**2 + 3*u + 20. What is the hundreds digit of b(4)?
3
Let v = 126 - -271. What is the units digit of v?
7
Let l = 21 - 17. Suppose 8 + 0 = -4*m, -4 = -4*d + l*m. Let x = d - -50. What is the units digit of x?
9
Let g = 42 + -36. Suppose g*r + 5*c = r + 145, 5*r = c + 139. What is the units digit of r?
8
Suppose -4*r = 4*i + 4, 4*i - 9 = 2*r + 11. Let j be ((-63)/14)/((-2)/r). Let b = j - -19. What is the tens digit of b?
1
Let x(s) = s**3 + 2*s + 65. Let r be x(0). What is the units digit of (r/(-10) - -6) + 473/2?
6
Suppose 5*g - 2*h - 8 = 0, 2*h + h = 3. What is the tens digit of (g - (-85)/(-10))/(1/(-14))?
9
Suppose -5 = -4*y + 3, g + 4*y = 184. Let o = -86 + g. What is the tens digit of o?
9
Let o be 50/30*(-12)/(-10). Suppose -p - 2*p + 15 = 3*d, -o*d - 4 = -5*p. Suppose d*f + 5 = 14. What is the units digit of f?
3
What is the thousands digit of 3777*(-18)/(-14) - (-618)/721?
4
Let v be 5*(-2)/(-8)*4. What is the units digit of (1/(-3))/(v/(-750))?
0
Let a be 5 + (-7 - -4)*1. Suppose g - 3*v = 85, -4*v = a*g - 0*v - 150. Let r = g - 36. What is the tens digit of r?
4
Let d be (-15)/(-5) + -4 + 4. What is the tens digit of -5*(27 + d)/(-2)?
7
Suppose 3*c + 4*a - 2 = -32, -5*a = 5*c + 50. What is the hundreds digit of 6530/25 + 2/c?
2
Let f(p) = p**3 + 4*p**2 + 2. Let v(c) = 2*c - 4. Let w be v(4). Suppose -2*r = 2*b - 4*b - w, b + 5*r = -8. What is the tens digit of f(b)?
1
Suppose -21*n + 26*n + 3*p = 17992, -2*p = 5*n - 17993. What is the tens digit of n?
9
Let u(l) = 60*l - 37. What is the hundreds digit of u(10)?
5
Let r be -3 - -7 - 8/4. Suppose 3*c - 5*z = -5, 2*c + 0*c - 2*z - r = 0. What is the units digit of c?
5
Let t be (-1)/(2/(-96)*-2). Let x = t + 58. What is the units digit of x?
4
Suppose 2*k + 12 = -4*w, -5*w = -2*k - 2*k - 24. What is the units digit of (6/1)/(k - -7)?
6
Suppose -165 = -2*d + 405. What is the tens digit of d?
8
Let u(l) = 13*l - 294. What is the units digit of u(44)?
8
Suppose 0*o + 4*y = -2*o - 46, -20 = o - y. Let w = 33 - o. Suppose -n + w = 2*n. What is the tens digit of n?
1
Let f = -78 + 371. What is the units digit of f?
3
Let j(c) = c + 25. Let q(b) = -b + 7. Let k be q(5). Suppose r - k*r = 0. What is the tens digit of j(r)?
2
Let z(y) = y**3 + 7*y**2 - 7. Let s(b) = -b + 8. Suppose 2*o - 3*u - 16 = 0, 2*u + 47 = 4*o - 1. Let f be s(o). What is the units digit of z(f)?
9
Let g be 10/(-1) + -2 + 4. Let m(i) = 2*i**2 + 10*i + 24. What is the units digit of m(g)?
2
Let y = -271 - -615. What is the tens digit of y?
4
What is the thousands digit of (-3 - (-1 + -1119)) + (2 - -3)?
1
Suppose 0 = 12*z - 23*z + 13673. What is the units digit of z?
3
What is the hundreds digit of -9 + 1 + 690 + -107?
5
Let n = -11 - -14. Suppose 3 - 9 = -n*s. Suppose 4*k + 52 = 2*m, s*m + 95 = 6*m - 5*k. What is the tens digit of m?
2
Let u(v) = -2*v**3 + 5*v**2 - 3*v - 28. What is the hundreds digit of u(-8)?
3
Let s(z) = 8*z**2 - 36*z - 76. What is the hundreds digit of s(-15)?
2
Suppose -3*j + 104 + 10 = 0. Suppose -38 = -q + 4*r - 2*r, 0 = -q - 2*r + j. Suppose 0*n = -2*n + 2*a + q, n - 15 = 2*a. What is the tens digit of n?
2
Let h = -26 + 26. Suppose h = 2*f - 42 - 42. What is the tens digit of f?
4
Let v = -34 + 39. Suppose v*a - a = 72. What is the units digit of a?
8
Suppose 0 = -2*t + 3*y - 9 - 3, -2*y + 8 = 4*t. Suppose 4*z + 6*a - a - 24 = t, 40 = 4*z + a. What is the tens digit of z?
1
Suppose -3*z - 6 = 0, -b - 4 = 4*z - 1. Suppose b*w + y = 158, -4*w + 3*y = -y - 112. What is the units digit of w?
1
Let w = -31 + 13. Let t be (-2)/(-9) + 4/w. Let g = t + 2. What is the units digit of g?
2
Suppose -2*r + 3*p = 12, -2*p + 0 = -4. Let y be -1 + 6 + 5 + r. Let a = y - 6. What is the units digit of a?
1
Suppose 5*z